{"id":20,"date":"2025-10-28T08:18:30","date_gmt":"2025-10-28T08:18:30","guid":{"rendered":"https:\/\/cosma-events.com\/?page_id=20"},"modified":"2025-10-31T07:08:13","modified_gmt":"2025-10-31T07:08:13","slug":"accueil","status":"publish","type":"page","link":"https:\/\/cosma-events.com\/","title":{"rendered":"Accueil"},"content":{"rendered":"\n<div class=\"wp-block-cover alignfull is-light\" style=\"min-height:700px;aspect-ratio:unset;\"><img loading=\"lazy\" decoding=\"async\" width=\"1024\" height=\"684\" class=\"wp-block-cover__image-background wp-image-37 size-large\" alt=\"\" src=\"https:\/\/cosma-events.com\/wp-content\/uploads\/2025\/10\/COSMA-EVENTS-1-1024x684.jpg\" data-object-fit=\"cover\" srcset=\"https:\/\/cosma-events.com\/wp-content\/uploads\/2025\/10\/COSMA-EVENTS-1-1024x684.jpg 1024w, https:\/\/cosma-events.com\/wp-content\/uploads\/2025\/10\/COSMA-EVENTS-1-300x201.jpg 300w, https:\/\/cosma-events.com\/wp-content\/uploads\/2025\/10\/COSMA-EVENTS-1-768x513.jpg 768w, https:\/\/cosma-events.com\/wp-content\/uploads\/2025\/10\/COSMA-EVENTS-1-930x620.jpg 930w, https:\/\/cosma-events.com\/wp-content\/uploads\/2025\/10\/COSMA-EVENTS-1.jpg 1200w\" sizes=\"auto, (max-width: 1024px) 100vw, 1024px\" \/><span aria-hidden=\"true\" class=\"wp-block-cover__background has-neve-link-hover-color-background-color has-background-dim-30 has-background-dim\"><\/span><div class=\"wp-block-cover__inner-container is-layout-flow wp-block-cover-is-layout-flow\">\n<h1 class=\"wp-block-heading has-text-align-center has-white-color has-text-color\">Laissez les sports resserrer vos liens<\/h1>\n\n\n\n<p class=\"has-text-align-center has-nv-light-bg-color has-text-color\" style=\"font-size:23px\">organisations de s\u00e9minaires, journ\u00e9es d\u2019entreprise, team buildings &amp; \u00e9v\u00e8nements<\/p>\n<\/div><\/div>\n\n\n\n<div class=\"wp-block-group alignfull has-nv-site-bg-color has-neve-link-hover-color-background-color has-text-color has-background\"><div class=\"wp-block-group__inner-container is-layout-flow wp-block-group-is-layout-flow\">\n<div style=\"height:40px\" aria-hidden=\"true\" class=\"wp-block-spacer\"><\/div>\n\n\n\n<div class=\"wp-block-columns alignwide is-layout-flex wp-container-core-columns-is-layout-829b1d53 wp-block-columns-is-layout-flex\" style=\"margin-bottom:0\">\n<div class=\"wp-block-column is-vertically-aligned-center has-nv-site-bg-color has-neve-link-hover-color-background-color has-text-color has-background has-link-color wp-elements-3399bc0b618dd49d80c5d8210e707d18 is-layout-flow wp-block-column-is-layout-flow\" style=\"padding-top:2em;padding-right:2em;padding-bottom:2em;padding-left:2em\">\n<div class=\"wp-block-cover\"><img loading=\"lazy\" decoding=\"async\" width=\"1200\" height=\"900\" class=\"wp-block-cover__image-background wp-image-162 size-full\" alt=\"\" src=\"https:\/\/cosma-events.com\/wp-content\/uploads\/2025\/10\/cosma-raid-entreprise-3.jpg\" data-object-fit=\"cover\" srcset=\"https:\/\/cosma-events.com\/wp-content\/uploads\/2025\/10\/cosma-raid-entreprise-3.jpg 1200w, https:\/\/cosma-events.com\/wp-content\/uploads\/2025\/10\/cosma-raid-entreprise-3-300x225.jpg 300w, https:\/\/cosma-events.com\/wp-content\/uploads\/2025\/10\/cosma-raid-entreprise-3-1024x768.jpg 1024w, https:\/\/cosma-events.com\/wp-content\/uploads\/2025\/10\/cosma-raid-entreprise-3-768x576.jpg 768w\" sizes=\"auto, (max-width: 1200px) 100vw, 1200px\" \/><span aria-hidden=\"true\" class=\"wp-block-cover__background has-neve-link-hover-color-background-color has-background-dim\"><\/span><div class=\"wp-block-cover__inner-container is-layout-constrained wp-block-cover-is-layout-constrained\">\n<h2 class=\"wp-block-heading has-text-align-center has-nv-site-bg-color has-text-color has-link-color has-large-font-size wp-elements-266b8631380e4c0d9ad8f99aff2738a0\">OFFRE ENTREPRISE<\/h2>\n\n\n\n<div class=\"wp-block-buttons is-content-justification-center is-layout-flex wp-container-core-buttons-is-layout-16018d1d wp-block-buttons-is-layout-flex\">\n<div class=\"wp-block-button is-style-primary\"><a class=\"wp-block-button__link has-nv-c-1-color has-nv-site-bg-background-color has-text-color has-background has-link-color wp-element-button\" href=\"https:\/\/cosma-events.com\/index.php\/offre-entreprise\/\">D\u00e9couvrir<\/a><\/div>\n<\/div>\n<\/div><\/div>\n<\/div>\n\n\n\n<div class=\"wp-block-column is-vertically-aligned-center has-nv-site-bg-color has-neve-link-hover-color-background-color has-text-color has-background has-link-color wp-elements-a6e734d6697f6b8a945b57790a867a67 is-layout-flow wp-block-column-is-layout-flow\" style=\"padding-top:2em;padding-right:2em;padding-bottom:2em;padding-left:2em\">\n<div class=\"wp-block-cover\"><img loading=\"lazy\" decoding=\"async\" width=\"831\" height=\"1000\" class=\"wp-block-cover__image-background wp-image-66 size-full\" alt=\"\" src=\"https:\/\/cosma-events.com\/wp-content\/uploads\/2025\/10\/cosma-raid.jpg\" style=\"object-position:50% 80%\" data-object-fit=\"cover\" data-object-position=\"50% 80%\" srcset=\"https:\/\/cosma-events.com\/wp-content\/uploads\/2025\/10\/cosma-raid.jpg 831w, https:\/\/cosma-events.com\/wp-content\/uploads\/2025\/10\/cosma-raid-249x300.jpg 249w, https:\/\/cosma-events.com\/wp-content\/uploads\/2025\/10\/cosma-raid-768x924.jpg 768w\" sizes=\"auto, (max-width: 831px) 100vw, 831px\" \/><span aria-hidden=\"true\" class=\"wp-block-cover__background has-neve-link-hover-color-background-color has-background-dim\"><\/span><div class=\"wp-block-cover__inner-container is-layout-constrained wp-block-cover-is-layout-constrained\">\n<h2 class=\"wp-block-heading has-text-align-center has-nv-site-bg-color has-text-color has-link-color has-large-font-size wp-elements-05fd20ae54e10d060f5fcc5a1b12a159\">EVENEMENTS<\/h2>\n\n\n\n<div class=\"wp-block-buttons is-content-justification-center is-layout-flex wp-container-core-buttons-is-layout-16018d1d wp-block-buttons-is-layout-flex\">\n<div class=\"wp-block-button is-style-primary\"><a class=\"wp-block-button__link has-nv-c-1-color has-nv-site-bg-background-color has-text-color has-background has-link-color wp-element-button\" href=\"https:\/\/cosma-events.com\/index.php\/evenement\/\">D\u00e9couvrir<\/a><\/div>\n<\/div>\n<\/div><\/div>\n<\/div>\n<\/div>\n\n\n\n<div style=\"height:40px\" aria-hidden=\"true\" class=\"wp-block-spacer\"><\/div>\n<\/div><\/div>\n\n\n\n<div class=\"wp-block-group alignfull has-neve-link-hover-color-background-color has-text-color has-background\" style=\"color:#000000\"><div class=\"wp-block-group__inner-container is-layout-flow wp-block-group-is-layout-flow\">\n<div style=\"height:40px\" aria-hidden=\"true\" class=\"wp-block-spacer\"><\/div>\n\n\n\n<div class=\"wp-block-columns alignwide is-layout-flex wp-container-core-columns-is-layout-829b1d53 wp-block-columns-is-layout-flex\" style=\"margin-bottom:0\">\n<div class=\"wp-block-column is-vertically-aligned-center has-nv-site-bg-color has-text-color has-link-color wp-elements-3e073575da57cfb6fcdcc184203dbcf8 is-layout-flow wp-block-column-is-layout-flow\" style=\"padding-top:2em;padding-right:2em;padding-bottom:2em;padding-left:2em\">\n<div class=\"wp-block-cover\"><img loading=\"lazy\" decoding=\"async\" width=\"1200\" height=\"800\" class=\"wp-block-cover__image-background wp-image-135 size-full\" alt=\"\" src=\"https:\/\/cosma-events.com\/wp-content\/uploads\/2025\/10\/media-cosma-2.jpg\" style=\"object-position:61% 48%\" data-object-fit=\"cover\" data-object-position=\"61% 48%\" srcset=\"https:\/\/cosma-events.com\/wp-content\/uploads\/2025\/10\/media-cosma-2.jpg 1200w, https:\/\/cosma-events.com\/wp-content\/uploads\/2025\/10\/media-cosma-2-300x200.jpg 300w, https:\/\/cosma-events.com\/wp-content\/uploads\/2025\/10\/media-cosma-2-1024x683.jpg 1024w, https:\/\/cosma-events.com\/wp-content\/uploads\/2025\/10\/media-cosma-2-768x512.jpg 768w, https:\/\/cosma-events.com\/wp-content\/uploads\/2025\/10\/media-cosma-2-930x620.jpg 930w\" sizes=\"auto, (max-width: 1200px) 100vw, 1200px\" \/><span aria-hidden=\"true\" class=\"wp-block-cover__background has-neve-link-hover-color-background-color has-background-dim\"><\/span><div class=\"wp-block-cover__inner-container is-layout-constrained wp-block-cover-is-layout-constrained\">\n<h2 class=\"wp-block-heading has-text-align-center has-nv-site-bg-color has-text-color has-link-color has-large-font-size wp-elements-292169b94aa04b6222995ba6e97d5731\">MEDIA<\/h2>\n\n\n\n<div class=\"wp-block-buttons is-content-justification-center is-layout-flex wp-container-core-buttons-is-layout-16018d1d wp-block-buttons-is-layout-flex\">\n<div class=\"wp-block-button is-style-primary\"><a class=\"wp-block-button__link has-nv-c-1-color has-nv-site-bg-background-color has-text-color has-background has-link-color wp-element-button\" href=\"https:\/\/cosma-events.com\/index.php\/media\/\">D\u00e9couvrir<\/a><\/div>\n<\/div>\n<\/div><\/div>\n<\/div>\n\n\n\n<div class=\"wp-block-column is-vertically-aligned-center has-nv-site-bg-color has-text-color has-link-color wp-elements-e5f502572d72ed93be32767a47534266 is-layout-flow wp-block-column-is-layout-flow\" style=\"padding-top:2em;padding-right:2em;padding-bottom:2em;padding-left:2em\">\n<div class=\"wp-block-cover\"><img loading=\"lazy\" decoding=\"async\" width=\"1200\" height=\"800\" class=\"wp-block-cover__image-background wp-image-289 size-full\" alt=\"\" src=\"https:\/\/cosma-events.com\/wp-content\/uploads\/2025\/10\/Cosma-Parcours-permanents-dorientation.jpg\" data-object-fit=\"cover\" srcset=\"https:\/\/cosma-events.com\/wp-content\/uploads\/2025\/10\/Cosma-Parcours-permanents-dorientation.jpg 1200w, https:\/\/cosma-events.com\/wp-content\/uploads\/2025\/10\/Cosma-Parcours-permanents-dorientation-300x200.jpg 300w, https:\/\/cosma-events.com\/wp-content\/uploads\/2025\/10\/Cosma-Parcours-permanents-dorientation-1024x683.jpg 1024w, https:\/\/cosma-events.com\/wp-content\/uploads\/2025\/10\/Cosma-Parcours-permanents-dorientation-768x512.jpg 768w, https:\/\/cosma-events.com\/wp-content\/uploads\/2025\/10\/Cosma-Parcours-permanents-dorientation-930x620.jpg 930w\" sizes=\"auto, (max-width: 1200px) 100vw, 1200px\" \/><span aria-hidden=\"true\" class=\"wp-block-cover__background has-neve-link-hover-color-background-color has-background-dim\"><\/span><div class=\"wp-block-cover__inner-container is-layout-constrained wp-block-cover-is-layout-constrained\">\n<h2 class=\"wp-block-heading has-text-align-center has-nv-site-bg-color has-text-color has-link-color has-large-font-size wp-elements-0b02c122fd7e338a5f1ba006f7b001da\">PPO<\/h2>\n\n\n\n<div class=\"wp-block-buttons is-content-justification-center is-layout-flex wp-container-core-buttons-is-layout-16018d1d wp-block-buttons-is-layout-flex\">\n<div class=\"wp-block-button is-style-primary\"><a class=\"wp-block-button__link has-nv-c-1-color has-nv-site-bg-background-color has-text-color has-background has-link-color wp-element-button\" href=\"https:\/\/cosma-events.com\/index.php\/parcours-permanents-dorientation\/\">D\u00e9couvrir<\/a><\/div>\n<\/div>\n<\/div><\/div>\n<\/div>\n<\/div>\n\n\n\n<div style=\"height:40px\" aria-hidden=\"true\" class=\"wp-block-spacer\"><\/div>\n<\/div><\/div>\n\n\n\n<p><\/p>\n","protected":false},"excerpt":{"rendered":"","protected":false},"author":2,"featured_media":0,"parent":0,"menu_order":0,"comment_status":"closed","ping_status":"closed","template":"","meta":{"neve_meta_sidebar":"","neve_meta_container":"","neve_meta_enable_content_width":"","neve_meta_content_width":0,"neve_meta_title_alignment":"","neve_meta_author_avatar":"","neve_post_elements_order":"","neve_meta_disable_header":"","neve_meta_disable_footer":"","neve_meta_disable_title":"on","footnotes":""},"class_list":["post-20","page","type-page","status-publish","hentry"],"yoast_head":"<!-- This site is optimized with the Yoast SEO plugin v26.2 - https:\/\/yoast.com\/wordpress\/plugins\/seo\/ -->\n<title>Cosma Events - s\u00e9minaires, journ\u00e9es d\u2019entreprise, team buildings &amp; \u00e9v\u00e8nements<\/title>\n<meta name=\"description\" content=\"Forte de son exp\u00e9rience dans l\u2019organisation de comp\u00e9titions internationales, Cosma Events met d\u00e9sormais son savoir-faire au service des entreprises.\" \/>\n<meta name=\"robots\" content=\"index, follow, max-snippet:-1, max-image-preview:large, max-video-preview:-1\" \/>\n<link rel=\"canonical\" href=\"https:\/\/cosma-events.com\/\" \/>\n<meta property=\"og:locale\" content=\"fr_FR\" \/>\n<meta property=\"og:type\" content=\"article\" \/>\n<meta property=\"og:title\" content=\"Cosma Events - s\u00e9minaires, journ\u00e9es d\u2019entreprise, team buildings &amp; \u00e9v\u00e8nements\" \/>\n<meta property=\"og:description\" content=\"Forte de son exp\u00e9rience dans l\u2019organisation de comp\u00e9titions internationales, Cosma Events met d\u00e9sormais son savoir-faire au service des entreprises.\" \/>\n<meta property=\"og:url\" content=\"https:\/\/cosma-events.com\/\" \/>\n<meta property=\"og:site_name\" content=\"Cosma Events\" \/>\n<meta property=\"article:modified_time\" content=\"2025-10-31T07:08:13+00:00\" \/>\n<meta property=\"og:image\" content=\"https:\/\/cosma-events.com\/wp-content\/uploads\/2025\/10\/COSMA-EVENTS-1.jpg\" \/>\n\t<meta property=\"og:image:width\" content=\"1200\" \/>\n\t<meta property=\"og:image:height\" content=\"802\" \/>\n\t<meta property=\"og:image:type\" content=\"image\/jpeg\" \/>\n<meta name=\"twitter:card\" content=\"summary_large_image\" \/>\n<meta name=\"twitter:label1\" content=\"Dur\u00e9e de lecture estim\u00e9e\" \/>\n\t<meta name=\"twitter:data1\" content=\"2 minutes\" \/>\n<script type=\"application\/ld+json\" class=\"yoast-schema-graph\">{\"@context\":\"https:\/\/schema.org\",\"@graph\":[{\"@type\":\"WebPage\",\"@id\":\"https:\/\/cosma-events.com\/\",\"url\":\"https:\/\/cosma-events.com\/\",\"name\":\"Cosma Events - s\u00e9minaires, journ\u00e9es d\u2019entreprise, team buildings & \u00e9v\u00e8nements\",\"isPartOf\":{\"@id\":\"https:\/\/cosma-events.com\/#website\"},\"primaryImageOfPage\":{\"@id\":\"https:\/\/cosma-events.com\/#primaryimage\"},\"image\":{\"@id\":\"https:\/\/cosma-events.com\/#primaryimage\"},\"thumbnailUrl\":\"https:\/\/cosma-events.com\/wp-content\/uploads\/2025\/10\/COSMA-EVENTS-1-1024x684.jpg\",\"datePublished\":\"2025-10-28T08:18:30+00:00\",\"dateModified\":\"2025-10-31T07:08:13+00:00\",\"description\":\"Forte de son exp\u00e9rience dans l\u2019organisation de comp\u00e9titions internationales, Cosma Events met d\u00e9sormais son savoir-faire au service des entreprises.\",\"breadcrumb\":{\"@id\":\"https:\/\/cosma-events.com\/#breadcrumb\"},\"inLanguage\":\"fr-FR\",\"potentialAction\":[{\"@type\":\"ReadAction\",\"target\":[\"https:\/\/cosma-events.com\/\"]}]},{\"@type\":\"ImageObject\",\"inLanguage\":\"fr-FR\",\"@id\":\"https:\/\/cosma-events.com\/#primaryimage\",\"url\":\"https:\/\/cosma-events.com\/wp-content\/uploads\/2025\/10\/COSMA-EVENTS-1.jpg\",\"contentUrl\":\"https:\/\/cosma-events.com\/wp-content\/uploads\/2025\/10\/COSMA-EVENTS-1.jpg\",\"width\":1200,\"height\":802},{\"@type\":\"BreadcrumbList\",\"@id\":\"https:\/\/cosma-events.com\/#breadcrumb\",\"itemListElement\":[{\"@type\":\"ListItem\",\"position\":1,\"name\":\"Accueil\",\"item\":\"https:\/\/cosma-events.com\/\"},{\"@type\":\"ListItem\",\"position\":2,\"name\":\"Accueil\"}]},{\"@type\":\"WebSite\",\"@id\":\"https:\/\/cosma-events.com\/#website\",\"url\":\"https:\/\/cosma-events.com\/\",\"name\":\"Cosma Events\",\"description\":\"\",\"potentialAction\":[{\"@type\":\"SearchAction\",\"target\":{\"@type\":\"EntryPoint\",\"urlTemplate\":\"https:\/\/cosma-events.com\/?s={search_term_string}\"},\"query-input\":{\"@type\":\"PropertyValueSpecification\",\"valueRequired\":true,\"valueName\":\"search_term_string\"}}],\"inLanguage\":\"fr-FR\"}]}<\/script>\n<!-- \/ Yoast SEO plugin. -->","yoast_head_json":{"title":"Cosma Events - s\u00e9minaires, journ\u00e9es d\u2019entreprise, team buildings & \u00e9v\u00e8nements","description":"Forte de son exp\u00e9rience dans l\u2019organisation de comp\u00e9titions internationales, Cosma Events met d\u00e9sormais son savoir-faire au service des entreprises.","robots":{"index":"index","follow":"follow","max-snippet":"max-snippet:-1","max-image-preview":"max-image-preview:large","max-video-preview":"max-video-preview:-1"},"canonical":"https:\/\/cosma-events.com\/","og_locale":"fr_FR","og_type":"article","og_title":"Cosma Events - s\u00e9minaires, journ\u00e9es d\u2019entreprise, team buildings & \u00e9v\u00e8nements","og_description":"Forte de son exp\u00e9rience dans l\u2019organisation de comp\u00e9titions internationales, Cosma Events met d\u00e9sormais son savoir-faire au service des entreprises.","og_url":"https:\/\/cosma-events.com\/","og_site_name":"Cosma Events","article_modified_time":"2025-10-31T07:08:13+00:00","og_image":[{"width":1200,"height":802,"url":"https:\/\/cosma-events.com\/wp-content\/uploads\/2025\/10\/COSMA-EVENTS-1.jpg","type":"image\/jpeg"}],"twitter_card":"summary_large_image","twitter_misc":{"Dur\u00e9e de lecture estim\u00e9e":"2 minutes"},"schema":{"@context":"https:\/\/schema.org","@graph":[{"@type":"WebPage","@id":"https:\/\/cosma-events.com\/","url":"https:\/\/cosma-events.com\/","name":"Cosma Events - s\u00e9minaires, journ\u00e9es d\u2019entreprise, team buildings & \u00e9v\u00e8nements","isPartOf":{"@id":"https:\/\/cosma-events.com\/#website"},"primaryImageOfPage":{"@id":"https:\/\/cosma-events.com\/#primaryimage"},"image":{"@id":"https:\/\/cosma-events.com\/#primaryimage"},"thumbnailUrl":"https:\/\/cosma-events.com\/wp-content\/uploads\/2025\/10\/COSMA-EVENTS-1-1024x684.jpg","datePublished":"2025-10-28T08:18:30+00:00","dateModified":"2025-10-31T07:08:13+00:00","description":"Forte de son exp\u00e9rience dans l\u2019organisation de comp\u00e9titions internationales, Cosma Events met d\u00e9sormais son savoir-faire au service des entreprises.","breadcrumb":{"@id":"https:\/\/cosma-events.com\/#breadcrumb"},"inLanguage":"fr-FR","potentialAction":[{"@type":"ReadAction","target":["https:\/\/cosma-events.com\/"]}]},{"@type":"ImageObject","inLanguage":"fr-FR","@id":"https:\/\/cosma-events.com\/#primaryimage","url":"https:\/\/cosma-events.com\/wp-content\/uploads\/2025\/10\/COSMA-EVENTS-1.jpg","contentUrl":"https:\/\/cosma-events.com\/wp-content\/uploads\/2025\/10\/COSMA-EVENTS-1.jpg","width":1200,"height":802},{"@type":"BreadcrumbList","@id":"https:\/\/cosma-events.com\/#breadcrumb","itemListElement":[{"@type":"ListItem","position":1,"name":"Accueil","item":"https:\/\/cosma-events.com\/"},{"@type":"ListItem","position":2,"name":"Accueil"}]},{"@type":"WebSite","@id":"https:\/\/cosma-events.com\/#website","url":"https:\/\/cosma-events.com\/","name":"Cosma Events","description":"","potentialAction":[{"@type":"SearchAction","target":{"@type":"EntryPoint","urlTemplate":"https:\/\/cosma-events.com\/?s={search_term_string}"},"query-input":{"@type":"PropertyValueSpecification","valueRequired":true,"valueName":"search_term_string"}}],"inLanguage":"fr-FR"}]}},"_links":{"self":[{"href":"https:\/\/cosma-events.com\/index.php\/wp-json\/wp\/v2\/pages\/20","targetHints":{"allow":["GET"]}}],"collection":[{"href":"https:\/\/cosma-events.com\/index.php\/wp-json\/wp\/v2\/pages"}],"about":[{"href":"https:\/\/cosma-events.com\/index.php\/wp-json\/wp\/v2\/types\/page"}],"author":[{"embeddable":true,"href":"https:\/\/cosma-events.com\/index.php\/wp-json\/wp\/v2\/users\/2"}],"replies":[{"embeddable":true,"href":"https:\/\/cosma-events.com\/index.php\/wp-json\/wp\/v2\/comments?post=20"}],"version-history":[{"count":31,"href":"https:\/\/cosma-events.com\/index.php\/wp-json\/wp\/v2\/pages\/20\/revisions"}],"predecessor-version":[{"id":377,"href":"https:\/\/cosma-events.com\/index.php\/wp-json\/wp\/v2\/pages\/20\/revisions\/377"}],"wp:attachment":[{"href":"https:\/\/cosma-events.com\/index.php\/wp-json\/wp\/v2\/media?parent=20"}],"curies":[{"name":"wp","href":"https:\/\/api.w.org\/{rel}","templated":true}]}}